the remainder when 135097 is divided by 67531?
35
Calculate the remainder when 29229 is divided by 36.
33
Calculate the remainder when 1279 is divided by 1210.
69
What is the remainder when 287 is divided by 31?
8
Calculate the remainder when 22087 is divided by 78.
13
What is the remainder when 2591 is divided by 523?
499
Calculate the remainder when 4431 is divided by 564.
483
Calculate the remainder when 277220 is divided by 19.
10
What is the remainder when 32796 is divided by 140?
36
What is the remainder when 37596 is divided by 932?
316
Calculate the remainder when 54309 is divided by 9.
3
What is the remainder when 3851 is divided by 485?
456
What is the remainder when 321521 is divided by 564?
41
What is the remainder when 8731 is divided by 522?
379
Calculate the remainder when 188480 is divided by 408.
392
What is the remainder when 92125 is divided by 3290?
5
What is the remainder when 528736 is divided by 14?
12
Calculate the remainder when 16469 is divided by 161.
47
Calculate the remainder when 15250 is divided by 58.
54
Calculate the remainder when 117851 is divided by 427.
426
Calculate the remainder when 60755 is divided by 894.
857
Calculate the remainder when 66105 is divided by 5508.
9
Calculate the remainder when 21469 is divided by 44.
41
Calculate the remainder when 3387 is divided by 665.
62
What is the remainder when 85316 is divided by 72?
68
Calculate the remainder when 19450 is divided by 711.
253
What is the remainder when 52776 is divided by 10515?
201
Calculate the remainder when 606407 is divided by 319.
307
Calculate the remainder when 3146 is divided by 121.
0
Calculate the remainder when 9414 is divided by 212.
86
Calculate the remainder when 1556 is divided by 94.
52
What is the remainder when 7968 is divided by 995?
8
Calculate the remainder when 5894 is divided by 144.
134
What is the remainder when 1100592 is divided by 717?
714
What is the remainder when 66958 is divided by 187?
12
What is the remainder when 83419 is divided by 93?
91
Calculate the remainder when 17117 is divided by 5703.
8
What is the remainder when 72 is divided by 25?
22
Calculate the remainder when 7284 is divided by 829.
652
Calculate the remainder when 67765 is divided by 88.
5
What is the remainder when 55932 is divided by 2921?
433
Calculate the remainder when 7159315 is divided by 20.
15
Calculate the remainder when 2254 is divided by 640.
334
What is the remainder when 22507 is divided by 2803?
83
Calculate the remainder when 28294 is divided by 1347.
7
Calculate the remainder when 4960 is divided by 408.
64
Calculate the remainder when 2287 is divided by 304.
159
What is the remainder when 55762 is divided by 754?
720
What is the remainder when 8216 is divided by 42?
26
What is the remainder when 2239 is divided by 490?
279
What is the remainder when 218062 is divided by 107?
103
Calculate the remainder when 891 is divided by 861.
30
What is the remainder when 45388 is divided by 85?
83
What is the remainder when 123342 is divided by 41114?
0
What is the remainder when 90425 is divided by 6?
5
What is the remainder when 699 is divided by 252?
195
Calculate the remainder when 2287 is divided by 2276.
11
What is the remainder when 27191 is divided by 15?
11
What is the remainder when 12003 is divided by 235?
18
What is the remainder when 12237 is divided by 2074?
1867
Calculate the remainder when 889 is divided by 135.
79
What is the remainder when 11266 is divided by 159?
136
Calculate the remainder when 5697 is divided by 5624.
73
Calculate the remainder when 292100 is divided by 72.
68
What is the remainder when 702924 is divided by 518?
516
What is the remainder when 2156 is divided by 1070?
16
What is the remainder when 155 is divided by 42?
29
Calculate the remainder when 36400 is divided by 41.
33
What is the remainder when 1440238 is divided by 510?
508
Calculate the remainder when 15196 is divided by 286.
38
What is the remainder when 11358 is divided by 441?
333
What is the remainder when 3090918 is divided by 332?
330
What is the remainder when 1604 is divided by 402?
398
Calculate the remainder when 10334 is divided by 1034.
1028
Calculate the remainder when 65409 is divided by 9344.
1
Calculate the remainder when 35825 is divided by 24.
17
Calculate the remainder when 30652 is divided by 151.
150
What is the remainder when 73027 is divided by 10429?
24
Calculate the remainder when 6941 is divided by 6844.
97
What is the remainder when 2077 is divided by 503?
65
Calculate the remainder when 51201 is divided by 5689.
0
What is the remainder when 5674 is divided by 91?
32
What is the remainder when 1557 is divided by 315?
297
What is the remainder when 530 is divided by 199?
132
What is the remainder when 92482 is divided by 349?
346
Calculate the remainder when 121279 is divided by 12.
7
What is the remainder when 10096 is divided by 508?
444
Calculate the remainder when 2809 is divided by 90.
19
Calculate the remainder when 3003 is divided by 187.
11
What is the remainder when 788 is divided by 88?
84
Calculate the remainder when 897 is divided by 10.
7
Calculate the remainder when 61246 is divided by 116.
114
What is the remainder when 595 is divided by 88?
67
What is the remainder when 32579 is divided by 81?
17
Calculate the remainder when 23514 is divided by 156.
114
What is the remainder when 40942 is divided by 1170?
1162
Calculate the remainder when 31623 is divided by 275.
273
What is the remainder when 432 is divided by 328?
104
Calculate the remainder when 10791 is divided by 85.
81
What is the remainder when 72479 is divided by 203?
8
Calculate the remainder when 2738865 is divided by 34.
29
What is the remainder when 26386 is divided by 26385?
1
Calculate the remainder when 35818 is divided by 21.
13
What is the remainder when 25836 is divided by 6458?
4
Calculate the remainder when 801078 is divided by 28.
26
Calculate the remainder when 11515 is divided by 538.
217
What is the remainder when 199194 is divided by 2?
0
Calculate the remainder when 13463 is divided by 1227.
1193
What is the remainder when 18392 is divided by 713?
567
What is the remainder when 1732 is divided by 1726?
6
What is the remainder when 26943 is divided by 55?
48
What is the remainder when 272 is divided by 267?
5
What is the remainder when 12567 is divided by 99?
93
Calculate the remainder when 591200 is divided by 295583.
34
What is the remainder when 18576 is divided by 3095?
6
Calculate the remainder when 37925 is divided by 12603.
116
Calculate the remainder when 27307 is divided by 9050.
157
Calculate the remainder when 33562 is divided by 218.
208
Calculate the remainder when 2834536 is divided by 379.
374
What is the remainder when 853498 is divided by 569?
567
Calculate the remainder when 1096 is divided by 220.
216
What is the remainder when 527531 is divided by 24?
11
What is the remainder when 116675 is divided by 65?
0
Calculate the remainder when 6276 is divided by 197.
169
What is the remainder when 1150064 is divided by 1604?
1600
Calculate the remainder when 3056 is divided by 833.
557
What is the remainder when 12280 is divided by 508?
88
Calculate the remainder when 62893 is divided by 15.
13
What is the remainder when 3115 is divided by 1484?
147
Calculate the remainder when 3445 is divided by 548.
157
Calculate the remainder when 559079 is divided by 271.
6
Calculate the remainder when 261362 is divided by 202.
176
Calculate the remainder when 5847 is divided by 49.
16
What is the remainder when 9073 is divided by 3014?
31
What is the remainder when 8379 is divided by 493?
491
What is the remainder when 761118 is divided by 40?
38
Calculate the remainder when 19532 is divided by 167.
160
What is the remainder when 1025 is divided by 477?
71
Calculate the remainder when 497300 is divided by 46.
40
Calculate the remainder when 32595 is divided by 3258.
15
What is the remainder when 3210 is divided by 1527?
156
What is the remainder when 7689 is divided by 216?
129
Calculate the remainder when 12267 is divided by 3060.
27
What is the remainder when 4930095 is divided by 92?
91
What is the remainder when 104205 is divided by 114?
9
What is the remainder when 170 is divided by 47?
29
What is the remainder wh